{"id":11,"date":"2018-09-27T02:53:53","date_gmt":"2018-09-27T02:53:53","guid":{"rendered":"http:\/\/gamudacity.com.vn\/loyalty\/?page_id=11"},"modified":"2019-04-25T04:24:38","modified_gmt":"2019-04-25T04:24:38","slug":"trang-chu","status":"publish","type":"page","link":"https:\/\/gamudacity.com.vn\/loyalty\/","title":{"rendered":"Trang ch\u1ee7"},"content":{"rendered":"<div id=\"pl-11\"  class=\"panel-layout\" ><div id=\"pg-11-0\"  class=\"panel-grid panel-has-style\" ><div class=\"banner_page panel-row-style panel-row-style-for-11-0\" id=\"diem1\" ><div id=\"pgc-11-0-0\"  class=\"panel-grid-cell\" ><div id=\"panel-11-0-0-0\" class=\"so-panel widget widget_metaslider_widget panel-first-child panel-last-child\" data-index=\"0\" ><div style=\"width: 100%;\" class=\"ml-slider-3-9-0 metaslider metaslider-flex metaslider-13 ml-slider nav-hidden\">\n    \n    <div id=\"metaslider_container_13\">\n        <div id=\"metaslider_13\" class=\"flexslider\">\n            <ul class=\"slides\">\n                <li style=\"display: block; width: 100%;\" class=\"slide-15 ms-image\"><img loading=\"lazy\" decoding=\"async\" src=\"https:\/\/gamudacity.com.vn\/loyalty\/wp-content\/uploads\/2018\/10\/1349x650-LOYALTY-CARD-01-1365x655.jpg\" height=\"655\" width=\"1365\" alt=\"\" class=\"slider-13 slide-15\" title=\"1349x650 - LOYALTY CARD-01\" \/><\/li>\n            <\/ul>\n        <\/div>\n        \n    <\/div>\n<\/div><\/div><\/div><\/div><\/div><div id=\"pg-11-1\"  class=\"panel-grid panel-has-style\" ><div class=\"tongquan panel-row-style panel-row-style-for-11-1\" id=\"diem2\" ><div id=\"pgc-11-1-0\"  class=\"panel-grid-cell\" ><div id=\"panel-11-1-0-0\" class=\"so-panel widget widget_siteorigin-panels-builder panel-first-child panel-last-child\" data-index=\"1\" ><div class=\"container panel-widget-style panel-widget-style-for-11-1-0-0\" ><div id=\"pl-w5c1876352fa3f\"  class=\"panel-layout\" ><div id=\"pg-w5c1876352fa3f-0\"  class=\"panel-grid panel-no-style\" ><div id=\"pgc-w5c1876352fa3f-0-0\"  class=\"panel-grid-cell\" ><div id=\"panel-w5c1876352fa3f-0-0-0\" class=\"so-panel widget widget_black-studio-tinymce widget_black_studio_tinymce panel-first-child panel-last-child\" data-index=\"0\" ><div class=\"text_custom panel-widget-style panel-widget-style-for-w5c1876352fa3f-0-0-0\" ><div class=\"widget-title\"><span>L\u1eddi ng\u1ecf<\/span><\/div><div class=\"textwidget\"><p style=\"text-align: justify;\">L\u1eddi \u0111\u1ea7u ti\u00ean C\u00f4ng Ty \u00a0TNHH Gamuda Land Vi\u1ec7t Nam xin g\u1eedi l\u1eddi ch\u00e0o, l\u1eddi c\u1ea3m \u01a1n s\u00e2u s\u1eafc \u0111\u1ebfn Qu\u00fd Kh\u00e1ch h\u00e0ng \u0111\u00e3 \u1ee7ng h\u1ed9 v\u00e0 \u0111\u1ed3ng h\u00e0nh c\u00f9ng c\u00f4ng ty trong th\u1eddi gian qua. K\u00ednh ch\u00fac Qu\u00fd Kh\u00e1ch h\u00e0ng s\u1ee9c kho\u1ebb, an khang v\u00e0 th\u1ecbnh v\u01b0\u1ee3ng.<\/p>\n<p style=\"text-align: justify;\">Ch\u00fang t\u00f4i hi\u1ec3u r\u1eb1ng, c\u00f9ng v\u1edbi s\u1ef1 tin t\u01b0\u1edfng c\u1ee7a Qu\u00fd Kh\u00e1ch h\u00e0ng, ch\u00fang t\u00f4i ph\u1ea3i n\u1ed7 l\u1ef1c kh\u00f4ng ng\u1eebng ngh\u1ec9 \u0111\u1ec3 \u0111em \u0111\u1ebfn s\u1ea3n ph\u1ea9m v\u00e0 d\u1ecbch v\u1ee5 t\u1ed1t nh\u1ea5t. \u0110\u1ec3 tri \u00e2n Kh\u00e1ch h\u00e0ng, ch\u00fang t\u00f4i \u0111\u00e3 ra m\u1eaft th\u1ebb GL Friend \u2013 Th\u1ebb kh\u00e1ch h\u00e0ng th\u00e2n thi\u1ebft Gamuda Land. Th\u1ebb t\u00edch h\u1ee3p nhi\u1ec1u \u01b0u \u0111\u00e3i h\u1ea5p d\u1eabn v\u00e0 t\u1ed1i \u01b0u ho\u00e1 t\u00ednh n\u0103ng s\u1eed d\u1ee5ng t\u1ed1t nh\u1ea5t cho kh\u00e1ch h\u00e0ng.<\/p>\n<p style=\"text-align: justify;\">Ch\u00fang t\u00f4i hy v\u1ecdng s\u1ebd c\u00f9ng \u0111\u1ed3ng h\u00e0nh v\u00e0 ph\u00e1t tri\u1ec3n c\u00f9ng Qu\u00fd kh\u00e1ch h\u00e0ng \u1edf ch\u1eb7ng \u0111\u01b0\u1eddng ph\u00eda tr\u01b0\u1edbc.<\/p>\n<\/div><\/div><\/div><\/div><div id=\"pgc-w5c1876352fa3f-0-1\"  class=\"panel-grid-cell\" ><div id=\"panel-w5c1876352fa3f-0-1-0\" class=\"so-panel widget widget_media_image panel-first-child panel-last-child\" data-index=\"1\" ><img loading=\"lazy\" decoding=\"async\" width=\"541\" height=\"324\" src=\"https:\/\/gamudacity.com.vn\/loyalty\/wp-content\/uploads\/2018\/12\/324.png\" class=\"image wp-image-382  attachment-full size-full\" alt=\"\" style=\"max-width: 100%; height: auto;\" \/><\/div><\/div><\/div><\/div><\/div><\/div><\/div><\/div><\/div><div id=\"pg-11-2\"  class=\"panel-grid panel-has-style\" ><div class=\"quyenloi panel-row-style panel-row-style-for-11-2\" id=\"diem3\" ><div id=\"pgc-11-2-0\"  class=\"panel-grid-cell\" ><div id=\"panel-11-2-0-0\" class=\"widget_text so-panel widget widget_custom_html panel-first-child\" data-index=\"2\" ><div class=\"widget_text container text_title panel-widget-style panel-widget-style-for-11-2-0-0\" ><div class=\"widget-title\"><span>Quy\u1ec1n l\u1ee3i cho ch\u1ee7 th\u1ebb<\/span><\/div><div class=\"textwidget custom-html-widget\"><\/div><\/div><\/div><div id=\"panel-11-2-0-1\" class=\"so-panel widget widget_siteorigin-panels-builder panel-last-child\" data-index=\"3\" ><div class=\"container panel-widget-style panel-widget-style-for-11-2-0-1\" ><div id=\"pl-w5bd03e6036224\"  class=\"panel-layout\" ><div id=\"pg-w5bd03e6036224-0\"  class=\"panel-grid panel-no-style\" ><div id=\"pgc-w5bd03e6036224-0-0\"  class=\"panel-grid-cell\" ><div id=\"panel-w5bd03e6036224-0-0-0\" class=\"so-panel widget widget_tabproduct my_posts_type_widget panel-first-child panel-last-child\" data-index=\"0\" >        <script type=\"text\/javascript\">\n            jQuery(document).ready(function() {\n            jQuery(\".widget-tabproduct-1-template:not(:first)\").hide(); \/\/ \u1ea8n to\u00e0n b\u1ed9 n\u1ed9i dung c\u1ee7a tab\n            jQuery(\"#uynh-widget-tabproduct-1-template ul li:first\").addClass(\"active\")\n            jQuery(\".widget-tabproduct-1-template:first\").find(\".list_product_item\").addClass('list_product_item_slide');\n                jQuery(\"#uynh-widget-tabproduct-1-template ul li \").click(function(){ \/\/Khai b\u00e1o s\u1ef1 ki\u1ec7n khi click v\u00e0o m\u1ed9t tab n\u00e0o \u0111\u00f3\n                    var activeTab = jQuery(this).children('a').attr(\"alt\"); \n                    jQuery(\"#uynh-widget-tabproduct-1-template ul li \").removeClass(\"active\");\n                    jQuery(\".widget-tabproduct-1-template\").removeClass('list_product_item_slide');\n                    jQuery(activeTab).find(\".list_product_item\").addClass('list_product_item_slide'); \n                    jQuery(this).addClass(\"active\"); \n                    jQuery(\".widget-tabproduct-1-template\").hide(200); \n                    jQuery(activeTab).stop().show(200);\n                });     \n            });\n        <\/script>\n        <div id=\"uynh-widget-tabproduct-1-template\">\n            <ul>\n                                        <li><a alt=\"#widget-tabproduct-1-template1\" class=\"tab\">Quy\u1ec1n l\u1ee3i cho ch\u1ee7 th\u1ebb<\/a><\/li>\n                                            <li><a alt=\"#widget-tabproduct-1-template2\" class=\"tab\">Gi\u1edbi thi\u1ec7u kh\u00e1ch mua nh\u00e0<\/a><\/li>\n                                            <li><a alt=\"#widget-tabproduct-1-template3\" class=\"tab\">D\u1ecbch v\u1ee5 Ch\u0103m s\u00f3c kh\u00e1ch h\u00e0ng<\/a><\/li>\n                                            <li><a alt=\"#widget-tabproduct-1-template4\" class=\"tab\">Quy\u1ec1n l\u1ee3i \u0111\u1eb7c bi\u1ec7t<\/a><\/li>\n                                <\/ul>\n        <\/div>\n        <div class=\"list_content_tabs\">\n                        <div id=\"widget-tabproduct-1-template1\" class=\"tab_content widget-tabproduct-1-template\">\n                    <img loading=\"lazy\" decoding=\"async\" src=\"http:\/\/gamudacity.com.vn\/loyalty\/wp-content\/uploads\/2018\/10\/100-1.gif\" alt=\"\" width=\"100\" height=\"111\" class=\"alignnone size-full wp-image-285\" \/>\n<h3>Quy\u1ec1n l\u1ee3i cho ch\u1ee7 th\u1ebb<\/h3>\n\u01afu \u0111\u00e3i 1% - 2% * cho c\u00e1c giao d\u1ecbch mua b\u1ea5t \u0111\u1ed9ng s\u1ea3n c\u1ee7a Gamuda Land trong t\u01b0\u01a1ng lai.                <\/div>\n                            <div id=\"widget-tabproduct-1-template2\" class=\"tab_content widget-tabproduct-1-template\">\n                    <img loading=\"lazy\" decoding=\"async\" src=\"http:\/\/gamudacity.com.vn\/loyalty\/wp-content\/uploads\/2018\/10\/referral-reward@2x.gif\" alt=\"\" width=\"100\" height=\"56\" class=\"alignnone size-full wp-image-287\" \/>\n<h3>Gi\u1edbi thi\u1ec7u kh\u00e1ch mua nh\u00e0<\/h3>\nKh\u00e1ch h\u00e0ng s\u1ebd nh\u1eadn \u0111\u01b0\u1ee3c Ph\u1ea7n th\u01b0\u1edfng gi\u1edbi thi\u1ec7u 0,5% cho c\u00e1c gi\u1edbi thi\u1ec7u mua b\u1ea5t \u0111\u1ed9ng s\u1ea3n th\u00e0nh c\u00f4ng.                <\/div>\n                            <div id=\"widget-tabproduct-1-template3\" class=\"tab_content widget-tabproduct-1-template\">\n                    <img loading=\"lazy\" decoding=\"async\" src=\"http:\/\/gamudacity.com.vn\/loyalty\/wp-content\/uploads\/2018\/10\/personalised-service@2x.gif\" alt=\"\" width=\"100\" height=\"119\" class=\"alignnone size-full wp-image-286\" \/>\n<h3>D\u1ecbch v\u1ee5 Ch\u0103m s\u00f3c kh\u00e1ch h\u00e0ng<\/h3>\nChuy\u00ean vi\u00ean Quan h\u1ec7 kh\u00e1ch h\u00e0ng \u0111\u01b0\u1ee3c ch\u1ec9 \u0111\u1ecbnh s\u1ebd lu\u00f4n s\u1eb5n sang t\u01b0 v\u1ea5n v\u00e0 h\u1ed7 tr\u1ee3 kh\u00e1ch h\u00e0ng trong qu\u00e1 tr\u00ecnh mua\nb\u1ea5t \u0111\u1ed9ng s\u1ea3n                <\/div>\n                            <div id=\"widget-tabproduct-1-template4\" class=\"tab_content widget-tabproduct-1-template\">\n                    <img loading=\"lazy\" decoding=\"async\" src=\"http:\/\/gamudacity.com.vn\/loyalty\/wp-content\/uploads\/2018\/10\/unique-experiences@2x-1.png\" alt=\"\" width=\"100\" height=\"100\" class=\"alignnone size-full wp-image-282\" \/>\n<h3>Quy\u1ec1n l\u1ee3i \u0111\u1eb7c bi\u1ec7t<\/h3>\nQu\u00fd kh\u00e1ch h\u00e0ng s\u1ebd nh\u1eadn \u0111\u01b0\u1ee3c th\u01b0 m\u1eddi \u0111\u1eb7c bi\u1ec7t \u0111\u1ebfn c\u00e1c bu\u1ed5i gi\u1edbi thi\u1ec7u s\u1ea3n ph\u1ea9m m\u1edbi c\u1eeda ch\u00fang t\u00f4i \u0111\u1ec3 \u0111\u01b0\u1ee3c\nquy\u1ec1n \u01b0u ti\u00ean ch\u1ecdn c\u0103n tr\u01b0\u1edbc khi ch\u00ednh th\u1ee9c m\u1edf b\u00e1n, c\u0169ng nh\u01b0 c\u00e1c s\u1ef1 ki\u1ec7n c\u1ed9ng \u0111\u1ed3ng kh\u00e1c c\u1ee7a ch\u00fang t\u00f4i                <\/div>\n                    <\/div>\n    <\/div><\/div><\/div><\/div><\/div><\/div><\/div><\/div><\/div><div id=\"pg-11-3\"  class=\"panel-grid panel-has-style\" ><div class=\"hangthe panel-row-style panel-row-style-for-11-3\" id=\"diem4\" ><div id=\"pgc-11-3-0\"  class=\"panel-grid-cell\" ><div id=\"panel-11-3-0-0\" class=\"so-panel widget widget_black-studio-tinymce widget_black_studio_tinymce panel-first-child panel-last-child\" data-index=\"4\" ><div class=\"container text_custom panel-widget-style panel-widget-style-for-11-3-0-0\" ><div class=\"widget-title\"><span>C\u00c1C H\u1ea0NG TH\u1eba GL FRIENDS<\/span><\/div><div class=\"textwidget\"><table style=\"border-collapse: collapse; width: 100%;\" border=\"1\">\n<tbody>\n<tr>\n<td style=\"width: 9.89244%; height: 50px; text-align: center;\" width=\"84\">\n<p><span style=\"font-family: tahoma, arial, helvetica, sans-serif; color: #ee2e24;\"><em><strong>H\u1ea1ng Th\u1ebb<\/strong><\/em><\/span><\/p>\n<\/td>\n<td style=\"width: 26.4516%; height: 50px; text-align: center;\" width=\"258\">\n<p><span style=\"font-family: tahoma, arial, helvetica, sans-serif; color: #ee2e24;\"><em><strong>T\u1ed5ng gi\u00e1 tr\u1ecb B\u1ea5t \u0110\u1ed9ng S\u1ea3n<\/strong><\/em><\/span><\/p>\n<p><span style=\"font-family: tahoma, arial, helvetica, sans-serif; color: #ee2e24;\"><em><strong>\u0111\u00e3 mua t\u1ea1i Gamuda Land<\/strong><\/em><\/span><\/p>\n<\/td>\n<td style=\"width: 12.473%; height: 50px;\" width=\"96\">\n<p style=\"text-align: center;\"><span style=\"font-family: tahoma, arial, helvetica, sans-serif;\"><em><span style=\"color: #b67e50;\"><img loading=\"lazy\" decoding=\"async\" class=\"alignnone size-full wp-image-288 aligncenter\" src=\"http:\/\/gamudacity.com.vn\/loyalty\/wp-content\/uploads\/2018\/10\/icon-repeat-purchase-reward@2x.png\" alt=\"\" width=\"55\" height=\"55\" \/><\/span><span style=\"color: #ee2e24;\"><strong>\u01afu \u0111\u00e3i chi\u1ebft <\/strong><\/span><\/em><span style=\"color: #ee2e24;\"><em><strong>kh\u1ea5u<\/strong><\/em><\/span><\/span><\/p>\n<\/td>\n<td style=\"width: 20.6454%; height: 50px;\" width=\"102\">\n<p style=\"text-align: center;\"><span style=\"font-family: tahoma, arial, helvetica, sans-serif;\"><em><img loading=\"lazy\" decoding=\"async\" class=\"size-full wp-image-290 aligncenter\" src=\"http:\/\/gamudacity.com.vn\/loyalty\/wp-content\/uploads\/2018\/10\/icon-referral-rewards@2x.png\" alt=\"\" width=\"55\" height=\"55\" \/><span style=\"color: #ee2e24;\"><strong>\u01afu \u0111\u00e3i khi gi\u1edbi thi\u1ec7u kh\u00e1ch\u00a0<\/strong><strong>m\u1edbi<\/strong><\/span><\/em><\/span><\/p>\n<\/td>\n<td style=\"width: 15.8064%; height: 50px;\" width=\"96\">\n<p style=\"text-align: center;\"><span style=\"font-family: tahoma, arial, helvetica, sans-serif;\"><em><img loading=\"lazy\" decoding=\"async\" class=\"size-full wp-image-289 aligncenter\" src=\"http:\/\/gamudacity.com.vn\/loyalty\/wp-content\/uploads\/2018\/10\/icon-personalised-service@2x.png\" alt=\"\" width=\"55\" height=\"55\" \/><span style=\"color: #ee2e24;\"><strong>D\u1ecbch v\u1ee5 t\u01b0 v\u1ea5n c\u00e1 nh\u00e2n<\/strong><\/span><\/em><\/span><\/p>\n<\/td>\n<td style=\"width: 14.6237%; height: 50px;\" width=\"102\">\n<p style=\"text-align: center;\"><span style=\"font-family: tahoma, arial, helvetica, sans-serif;\"><em><img loading=\"lazy\" decoding=\"async\" class=\"alignnone size-full wp-image-291 aligncenter\" src=\"http:\/\/gamudacity.com.vn\/loyalty\/wp-content\/uploads\/2018\/10\/icon-unique-experiences@2x.png\" alt=\"\" width=\"55\" height=\"55\" \/><span style=\"color: #ee2e24;\"><strong>Quy\u1ec1n l\u1ee3i \u0111\u1eb7c bi\u1ec7t<\/strong><\/span><\/em><\/span><\/p>\n<\/td>\n<\/tr>\n<tr>\n<td style=\"width: 9.89244%; height: 10px;\" width=\"84\">\n<p><span style=\"font-family: tahoma, arial, helvetica, sans-serif;\"><strong>Th\u1ebb B\u1ea1c<\/strong><\/span><\/p>\n<\/td>\n<td style=\"width: 26.4516%; height: 10px;\" width=\"258\">\n<p style=\"text-align: left;\"><span style=\"font-family: tahoma, arial, helvetica, sans-serif;\">D\u01b0\u1edbi 5,000,000,000 VND<\/span><\/p>\n<\/td>\n<td style=\"width: 12.473%; height: 10px; text-align: center;\" width=\"96\">\n<p><span style=\"font-family: tahoma, arial, helvetica, sans-serif;\">1%<\/span><\/p>\n<\/td>\n<td style=\"width: 20.6454%; height: 10px;\" width=\"102\">\n<p style=\"text-align: center;\"><span style=\"font-family: tahoma, arial, helvetica, sans-serif;\">0,5%<\/span><\/p>\n<\/td>\n<td style=\"text-align: center; width: 15.8064%; height: 10px;\" width=\"96\"><span style=\"font-family: tahoma, arial, helvetica, sans-serif;\"><img loading=\"lazy\" decoding=\"async\" class=\"alignnone size-full wp-image-317\" src=\"http:\/\/gamudacity.com.vn\/loyalty\/wp-content\/uploads\/2018\/10\/tick@2x.gif\" alt=\"\" width=\"15\" height=\"20\" \/><\/span><\/td>\n<td style=\"width: 14.6237%; text-align: center; height: 10px;\" width=\"102\"><span style=\"font-family: tahoma, arial, helvetica, sans-serif;\"><img decoding=\"async\" src=\"http:\/\/gamudacity.com.vn\/loyalty\/wp-content\/uploads\/2018\/10\/tick@2x.gif\" \/><\/span><\/td>\n<\/tr>\n<tr>\n<td style=\"width: 9.89244%; height: 96px;\" width=\"84\">\n<p><span style=\"font-family: tahoma, arial, helvetica, sans-serif;\"><strong>Th\u1ebb V\u00e0ng<\/strong><\/span><\/p>\n<\/td>\n<td style=\"width: 26.4516%; height: 96px;\" width=\"258\">\n<p><span style=\"font-family: tahoma, arial, helvetica, sans-serif;\">T\u1eeb 5,000,000,000 VND \u0111\u1ebfn d\u01b0\u1edbi<\/span><\/p>\n<p><span style=\"font-family: tahoma, arial, helvetica, sans-serif;\">15,000,000,000 VND<\/span><\/p>\n<\/td>\n<td style=\"width: 12.473%; height: 96px;\" width=\"96\">\n<p style=\"text-align: center;\"><span style=\"font-family: tahoma, arial, helvetica, sans-serif;\">1,5%<\/span><\/p>\n<\/td>\n<td style=\"width: 20.6454%; height: 96px;\" width=\"102\">\n<p style=\"text-align: center;\"><span style=\"font-family: tahoma, arial, helvetica, sans-serif;\">0,5%<\/span><\/p>\n<\/td>\n<td style=\"width: 15.8064%; text-align: center; height: 96px;\" width=\"96\"><span style=\"font-family: tahoma, arial, helvetica, sans-serif;\"><img decoding=\"async\" src=\"http:\/\/gamudacity.com.vn\/loyalty\/wp-content\/uploads\/2018\/10\/tick@2x.gif\" \/><\/span><\/td>\n<td style=\"width: 14.6237%; text-align: center; height: 96px;\" width=\"102\"><span style=\"font-family: tahoma, arial, helvetica, sans-serif;\"><img decoding=\"async\" src=\"http:\/\/gamudacity.com.vn\/loyalty\/wp-content\/uploads\/2018\/10\/tick@2x.gif\" \/><\/span><\/td>\n<\/tr>\n<tr>\n<td style=\"width: 9.89244%; height: 85px;\" width=\"84\">\n<p><span style=\"font-family: tahoma, arial, helvetica, sans-serif;\"><strong>Th\u1ebb B\u1ea1ch Kim<\/strong><\/span><\/p>\n<\/td>\n<td style=\"width: 26.4516%; height: 85px;\" width=\"258\">\n<p><span style=\"font-family: tahoma, arial, helvetica, sans-serif;\">T\u1eeb 15,000,000,000 VND<\/span><\/p>\n<p><span style=\"font-family: tahoma, arial, helvetica, sans-serif;\">tr\u1edf l\u00ean<\/span><\/p>\n<\/td>\n<td style=\"width: 12.473%; height: 85px;\" width=\"96\">\n<p style=\"text-align: center;\"><span style=\"font-family: tahoma, arial, helvetica, sans-serif;\">2%<\/span><\/p>\n<\/td>\n<td style=\"width: 20.6454%; height: 85px;\" width=\"102\">\n<p style=\"text-align: center;\"><span style=\"font-family: tahoma, arial, helvetica, sans-serif;\">0,5%<\/span><\/p>\n<\/td>\n<td style=\"width: 15.8064%; text-align: center; height: 85px;\" width=\"96\"><span style=\"font-family: tahoma, arial, helvetica, sans-serif;\"><img decoding=\"async\" src=\"http:\/\/gamudacity.com.vn\/loyalty\/wp-content\/uploads\/2018\/10\/tick@2x.gif\" \/><\/span><\/td>\n<td style=\"width: 14.6237%; text-align: center; height: 85px;\" width=\"102\"><span style=\"font-family: tahoma, arial, helvetica, sans-serif;\"><img decoding=\"async\" src=\"http:\/\/gamudacity.com.vn\/loyalty\/wp-content\/uploads\/2018\/10\/tick@2x.gif\" \/><\/span><\/td>\n<\/tr>\n<\/tbody>\n<\/table>\n<\/div><\/div><\/div><\/div><\/div><\/div><div id=\"pg-11-4\"  class=\"panel-grid panel-has-style\" ><div class=\"uudai panel-row-style panel-row-style-for-11-4\" ><div id=\"pgc-11-4-0\"  class=\"panel-grid-cell\" ><div id=\"panel-11-4-0-0\" class=\"so-panel widget widget_black-studio-tinymce widget_black_studio_tinymce panel-first-child\" data-index=\"5\" ><div class=\"container text_custom panel-widget-style panel-widget-style-for-11-4-0-0\" ><div class=\"widget-title\"><span>\u01afu \u0111\u00e3i m\u1edbi nh\u1ea5t<\/span><\/div><div class=\"textwidget\"><\/div><\/div><\/div><div id=\"panel-11-4-0-1\" class=\"so-panel widget widget_black-studio-tinymce widget_black_studio_tinymce\" data-index=\"6\" ><div class=\"textwidget\"><p><img loading=\"lazy\" decoding=\"async\" class=\"alignnone size-full wp-image-389\" src=\"http:\/\/gamudacity.com.vn\/loyalty\/wp-content\/uploads\/2019\/04\/dig-frame-final-01.jpg\" alt=\"\" width=\"1772\" height=\"2363\" srcset=\"https:\/\/gamudacity.com.vn\/loyalty\/wp-content\/uploads\/2019\/04\/dig-frame-final-01.jpg 1772w, https:\/\/gamudacity.com.vn\/loyalty\/wp-content\/uploads\/2019\/04\/dig-frame-final-01-768x1024.jpg 768w\" sizes=\"(max-width: 1772px) 100vw, 1772px\" \/><\/p>\n<\/div><\/div><div id=\"panel-11-4-0-2\" class=\"so-panel widget widget_siteorigin-panels-builder panel-last-child\" data-index=\"7\" ><div class=\"container panel-widget-style panel-widget-style-for-11-4-0-2\" ><div id=\"pl-w5be3b8704ccdd\"  class=\"panel-layout\" ><div id=\"pg-w5be3b8704ccdd-0\"  class=\"panel-grid panel-no-style\" ><div id=\"pgc-w5be3b8704ccdd-0-0\"  class=\"panel-grid-cell\" ><div id=\"panel-w5be3b8704ccdd-0-0-0\" class=\"so-panel widget widget_black-studio-tinymce widget_black_studio_tinymce panel-first-child panel-last-child\" data-index=\"0\" ><div class=\"textwidget\"><p><img loading=\"lazy\" decoding=\"async\" src=\"http:\/\/gamudacity.com.vn\/loyalty\/wp-content\/uploads\/2018\/10\/1539156132-4193-images-5.png\" alt=\"\" width=\"500\" height=\"332\" class=\"alignnone size-full wp-image-245\" \/><\/p>\n<div class=\"desc_img\">Tr\u01b0\u1eddng h\u1ecdc<\/div>\n<\/div><\/div><\/div><div id=\"pgc-w5be3b8704ccdd-0-1\"  class=\"panel-grid-cell\" ><div id=\"panel-w5be3b8704ccdd-0-1-0\" class=\"so-panel widget widget_black-studio-tinymce widget_black_studio_tinymce panel-first-child panel-last-child\" data-index=\"1\" ><div class=\"textwidget\"><p><img loading=\"lazy\" decoding=\"async\" class=\"alignnone size-full wp-image-299\" src=\"http:\/\/gamudacity.com.vn\/loyalty\/wp-content\/uploads\/2018\/10\/kinh-doanh-quan-an-uong-muon-thanh-cong-tuyet-doi-khong-duoc-co-6-suy-nghi-nay-bytuong-com.jpg\" alt=\"\" width=\"650\" height=\"433\" \/><\/p>\n<div class=\"desc_img\">Qu\u00e1n \u0103n<\/div>\n<\/div><\/div><\/div><div id=\"pgc-w5be3b8704ccdd-0-2\"  class=\"panel-grid-cell\" ><div id=\"panel-w5be3b8704ccdd-0-2-0\" class=\"so-panel widget widget_black-studio-tinymce widget_black_studio_tinymce panel-first-child panel-last-child\" data-index=\"2\" ><div class=\"textwidget\"><p><img loading=\"lazy\" decoding=\"async\" src=\"http:\/\/gamudacity.com.vn\/loyalty\/wp-content\/uploads\/2018\/09\/Gamuda_2044-1.jpg\" alt=\"\" width=\"1123\" height=\"749\" class=\"alignnone size-full wp-image-105\" srcset=\"https:\/\/gamudacity.com.vn\/loyalty\/wp-content\/uploads\/2018\/09\/Gamuda_2044-1.jpg 1123w, https:\/\/gamudacity.com.vn\/loyalty\/wp-content\/uploads\/2018\/09\/Gamuda_2044-1-768x512.jpg 768w\" sizes=\"(max-width: 1123px) 100vw, 1123px\" \/><\/p>\n<div class=\"desc_img\">Ph\u00f2ng t\u1eadp Gym<\/div>\n<\/div><\/div><\/div><\/div><div id=\"pg-w5be3b8704ccdd-1\"  class=\"panel-grid panel-no-style\" ><div id=\"pgc-w5be3b8704ccdd-1-0\"  class=\"panel-grid-cell\" ><div id=\"panel-w5be3b8704ccdd-1-0-0\" class=\"so-panel widget widget_black-studio-tinymce widget_black_studio_tinymce panel-first-child panel-last-child\" data-index=\"3\" ><div class=\"textwidget\"><p><img loading=\"lazy\" decoding=\"async\" class=\"alignnone size-full wp-image-300\" src=\"http:\/\/gamudacity.com.vn\/loyalty\/wp-content\/uploads\/2018\/10\/1_QODT.jpg\" alt=\"\" width=\"650\" height=\"433\" \/><\/p>\n<div class=\"desc_img\">C\u1eeda h\u00e0ng ti\u1ec7n \u00edch<\/div>\n<\/div><\/div><\/div><div id=\"pgc-w5be3b8704ccdd-1-1\"  class=\"panel-grid-cell\" ><div id=\"panel-w5be3b8704ccdd-1-1-0\" class=\"so-panel widget widget_black-studio-tinymce widget_black_studio_tinymce panel-first-child panel-last-child\" data-index=\"4\" ><div class=\"textwidget\"><p><img loading=\"lazy\" decoding=\"async\" src=\"http:\/\/gamudacity.com.vn\/loyalty\/wp-content\/uploads\/2018\/09\/Gamuda_1646-1.jpg\" alt=\"\" width=\"1314\" height=\"877\" class=\"alignnone size-full wp-image-101\" srcset=\"https:\/\/gamudacity.com.vn\/loyalty\/wp-content\/uploads\/2018\/09\/Gamuda_1646-1.jpg 1314w, https:\/\/gamudacity.com.vn\/loyalty\/wp-content\/uploads\/2018\/09\/Gamuda_1646-1-768x513.jpg 768w\" sizes=\"(max-width: 1314px) 100vw, 1314px\" \/><\/p>\n<div class=\"desc_img\">Spa<\/div>\n<\/div><\/div><\/div><div id=\"pgc-w5be3b8704ccdd-1-2\"  class=\"panel-grid-cell\" ><div id=\"panel-w5be3b8704ccdd-1-2-0\" class=\"so-panel widget widget_black-studio-tinymce widget_black_studio_tinymce panel-first-child panel-last-child\" data-index=\"5\" ><div class=\"textwidget\"><p><img loading=\"lazy\" decoding=\"async\" class=\"alignnone size-full wp-image-351\" src=\"http:\/\/gamudacity.com.vn\/loyalty\/wp-content\/uploads\/2018\/11\/trixie-quan-cafe-co-giuong-nam-o-ha-noi-11-1.jpg\" alt=\"\" width=\"1024\" height=\"683\" srcset=\"https:\/\/gamudacity.com.vn\/loyalty\/wp-content\/uploads\/2018\/11\/trixie-quan-cafe-co-giuong-nam-o-ha-noi-11-1.jpg 1024w, https:\/\/gamudacity.com.vn\/loyalty\/wp-content\/uploads\/2018\/11\/trixie-quan-cafe-co-giuong-nam-o-ha-noi-11-1-768x512.jpg 768w\" sizes=\"(max-width: 1024px) 100vw, 1024px\" \/><\/p>\n<div class=\"desc_img\">Qu\u00e1n cafe<\/div>\n<\/div><\/div><\/div><\/div><\/div><\/div><\/div><\/div><\/div><\/div><div id=\"pg-11-5\"  class=\"panel-grid panel-has-style\" ><div class=\"nhanxet panel-row-style panel-row-style-for-11-5\" id=\"diem5\" ><div id=\"pgc-11-5-0\"  class=\"panel-grid-cell\" ><div id=\"panel-11-5-0-0\" class=\"widget_text so-panel widget widget_custom_html panel-first-child panel-last-child\" data-index=\"8\" ><div class=\"widget-title\"><span><strong>Mr. Vi\u1ec7t Nam<\/strong> CEO Gamuda City<\/span><\/div><div class=\"textwidget custom-html-widget\"><blockquote>\nX\u00e2y d\u1ef1ng l\u1ed1i s\u1ed1ng n\u0103ng \u0111\u1ed9ng v\u00e0 l\u00e0nh m\u1ea1nh cho to\u00e0n c\u1ed9ng \u0111\u1ed3ng l\u00e0 m\u1ed9t trong nh\u1eefng gi\u00e1 tr\u1ecb to l\u1edbn m\u00e0 Gamuda ch\u00fa t\u00e2m ph\u00e1t tri\u1ec3n, nh\u1eb1m t\u1ea1o \u0111i\u1ec1u ki\u1ec7n cho c\u00e1c c\u01b0 d\u00e2n t\u01b0\u01a1ng lai t\u1eadn h\u01b0\u1edfng cu\u1ed9c s\u1ed1ng v\u1edbi ch\u1ea5t l\u01b0\u1ee3ng cao nh\u1ea5t.\n<\/blockquote><\/div><\/div><\/div><\/div><\/div><\/div>","protected":false},"excerpt":{"rendered":"<p>L\u1eddi ng\u1ecfL\u1eddi \u0111\u1ea7u ti\u00ean C\u00f4ng Ty \u00a0TNHH Gamuda Land Vi\u1ec7t Nam xin g\u1eedi l\u1eddi ch\u00e0o, l\u1eddi c\u1ea3m \u01a1n s\u00e2u s\u1eafc \u0111\u1ebfn Qu\u00fd Kh\u00e1ch h\u00e0ng \u0111\u00e3 \u1ee7ng h\u1ed9 v\u00e0 \u0111\u1ed3ng h\u00e0nh c\u00f9ng c\u00f4ng ty trong th\u1eddi gian qua. K\u00ednh ch\u00fac Qu\u00fd Kh\u00e1ch h\u00e0ng s\u1ee9c kho\u1ebb, an khang v\u00e0 th\u1ecbnh v\u01b0\u1ee3ng. Ch\u00fang t\u00f4i hi\u1ec3u r\u1eb1ng, c\u00f9ng v\u1edbi s\u1ef1 tin t\u01b0\u1edfng c\u1ee7a Qu\u00fd&nbsp;<a href=\"https:\/\/gamudacity.com.vn\/loyalty\/\" class=\"read-more\">Continue Reading<\/a><\/p>\n","protected":false},"author":1,"featured_media":0,"parent":0,"menu_order":0,"comment_status":"closed","ping_status":"closed","template":"template-home.php","meta":{"footnotes":""},"_links":{"self":[{"href":"https:\/\/gamudacity.com.vn\/loyalty\/wp-json\/wp\/v2\/pages\/11"}],"collection":[{"href":"https:\/\/gamudacity.com.vn\/loyalty\/wp-json\/wp\/v2\/pages"}],"about":[{"href":"https:\/\/gamudacity.com.vn\/loyalty\/wp-json\/wp\/v2\/types\/page"}],"author":[{"embeddable":true,"href":"https:\/\/gamudacity.com.vn\/loyalty\/wp-json\/wp\/v2\/users\/1"}],"replies":[{"embeddable":true,"href":"https:\/\/gamudacity.com.vn\/loyalty\/wp-json\/wp\/v2\/comments?post=11"}],"version-history":[{"count":4,"href":"https:\/\/gamudacity.com.vn\/loyalty\/wp-json\/wp\/v2\/pages\/11\/revisions"}],"predecessor-version":[{"id":392,"href":"https:\/\/gamudacity.com.vn\/loyalty\/wp-json\/wp\/v2\/pages\/11\/revisions\/392"}],"wp:attachment":[{"href":"https:\/\/gamudacity.com.vn\/loyalty\/wp-json\/wp\/v2\/media?parent=11"}],"curies":[{"name":"wp","href":"https:\/\/api.w.org\/{rel}","templated":true}]}}